 Calculate the highest common divisor of m and u.
16
Suppose 2*y = 1 + 3. Suppose -3*l - y*z = -38, z + 18 = l - z. What is the highest common divisor of l and 126?
14
Let f be ((-3)/4)/(-3 - (-46)/16). Let x be 664/10 + (-2)/5. What is the highest common divisor of x and f?
6
Let v be 8/60 + (-4719)/(-45). What is the highest common factor of 35 and v?
35
Let f(r) = -3*r**3 - 3*r**2 + 1. Let k be f(-2). Suppose 5*c = 63 - k. Let y be (-4)/(-6) + 984/9. What is the greatest common factor of c and y?
10
Suppose -3*y = -y - 18. Let g = -86 + 306. Suppose 0 = -6*d + d - o + 361, 3*d - g = -4*o. What is the highest common divisor of d and y?
9
Suppose -3*g = -8*g + 65. Suppose 0 = -5*z + 19 + 241. Calculate the highest common divisor of g and z.
13
Let k(r) = r**3 + 2*r**2 - 2*r - 3. Let f be k(-2). Let v be f/(-2) + (-141)/(-2). Calculate the greatest common factor of v and 28.
14
Let f(h) = 2*h**3 - 9*h**2 + 5*h + 4. Let n be f(6). Let a = n + -93. Calculate the highest common factor of a and 7.
7
Suppose -12*j + 544 = -380. Calculate the highest common divisor of 11 and j.
11
Let r = 8 - -8. Calculate the greatest common factor of 112 and r.
16
Suppose 5*w - 42 = 2*m, 7 = w + m - 0*m. Let g = -11 + 28. Let d = g - 5. Calculate the highest common divisor of d and w.
4
Let l be (-6)/27 + 4/18. Suppose -39 = -j - l*g - g, g = 5*j - 171. Let q = 1 - -6. Calculate the highest common factor of q and j.
7
Let x(p) = -123*p - 33. Let o be x(-3). Calculate the greatest common divisor of o and 21.
21
Suppose -3*y + 10 = -z, y + 5 + 5 = 3*z. Let j(h) = 2*h + y*h - 1 - 5*h - 3*h. Let b be j(-11). Calculate the highest common factor of b and 50.
10
Let c = 9 + -9. Suppose c = 4*n - 315 - 37. What is the greatest common divisor of n and 11?
11
Let b = 59 - 48. What is the highest common divisor of b and 88?
11
Let f be (-63)/(-15) - (-2)/(-10). Let o be 84/2*f/2. Let w = o + 15. What is the greatest common factor of w and 9?
9
Let f be 6*1*20/15. Let n be f/(-12) + 314/3. What is the greatest common factor of 13 and n?
13
Suppose 21 = q + 4*y, 2*y = -0*y + 4. What is the greatest common factor of 26 and q?
13
Let p(x) = -x**2 + 6*x + 2. Let d be p(5). Suppose 4*j + 48 = 5*y + 13, 4*j + d = y. Calculate the greatest common factor of 63 and y.
7
Let y be (-2 - -1) + 0 + 105. Suppose -4*v + 4*u = -48, 0*v - 5*v = -u - 64. What is the greatest common factor of v and y?
13
Let d(p) = -p**2 + 10*p - 8. Let q be (-112)/(-24)*6/7. Let m be d(q). What is the highest common factor of m and 2?
2
Let l be (-1 + (-75)/(-21))*7. What is the greatest common factor of l and 36?
18
Suppose -5*m + 3*d = -0*m + 3, -5*m + 4 = 4*d. Let q be m + 0 + 2 - -88. Calculate the greatest common divisor of q and 10.
10
Let b be (-272)/(-44) + 10/(-55). What is the highest common divisor of b and 9?
3
Let x(f) = 7*f**2 + 4*f - 1. Suppose w + 30 = 5*s, 0 = -3*s - s + 20. Let z be x(w). What is the highest common factor of z and 22?
22
Let r be (1 - (-3 + 6))*-11. Calculate the greatest common factor of 88 and r.
22
Suppose 5*o - 7 - 3 = 0. Let v be o*((-70)/(-4))/7. What is the highest common divisor of 35 and v?
5
Suppose -p = -5*p + 384. Let j(s) be the second derivative of -s**3/3 - s**2 + 5*s. Let u be j(-7). Calculate the highest common divisor of p and u.
12
Suppose -3*q - 3*r = -82 + 4, q - r - 34 = 0. Let h(i) = 3*i**2 - 8*i + 4. Let n be h(4). Calculate the greatest common factor of q and n.
10
Suppose -3*z = -19 - 17. Calculate the highest common factor of z and 24.
12
Let q be (2 + 12)/(3/(-18)*-3). Calculate the greatest common factor of 70 and q.
14
Let j be 1*(1 + 0 - 2). Let o(h) = -3*h. Let y be o(j). Calculate the highest common divisor of y and 1.
1
Let b = 1 + 0. Let k = 9 + b. Let v(t) = -7*t + 2. Let c be v(-4). Calculate the highest common factor of k and c.
10
Suppose 528 = 7*i + i. What is the highest common divisor of 44 and i?
22
Let d = -11 - -21. Let t = -2 + 2. Let r(q) = -q**2 - q + 25. Let h be r(t). Calculate the greatest common factor of d and h.
5
Let d = -30 - -72. Let f = 2 + -2. Suppose f = 5*w - 4*u - 19, 2*u - 27 = -2*w - 5. Calculate the greatest common divisor of w and d.
7
Suppose -u + 7 + 4 = 0. Calculate the greatest common factor of u and 88.
11
Let a be -2 - -2 - (1 + -61). Suppose 4*z = -0*f - 2*f + 22, -z + f - 2 = 0. Let i(m) = 3*m + 3. Let j be i(z). What is the greatest common divisor of a and j?
12
Suppose 0 + 1 = -x. Let h be 20/(0 + x + 3). Calculate the greatest common divisor of 90 and h.
10
Let h be (-121)/(-4) - 3/12. What is the highest common divisor of h and 45?
15
Let x(a) = -6 - 13*a**2 - 6 - 3 - 17*a - a**3. Let j be x(-12). Calculate the greatest common factor of 15 and j.
15
Suppose 0*t - t + 50 = 0. Suppose o = 4*u - 141, 2*u + 2*o - 18 = t. What is the highest common factor of 14 and u?
7
Suppose 4*r - 206 = 2*r. Suppose 5*u = -5*l + 137 + r, 4*l - 42 = -u. Let b be u + 6/(-2 + -1). What is the highest common divisor of b and 6?
6
Let p be (-14)/77 + 6459/11. Let s = p - 411. Let y = -20 + 42. Calculate the greatest common divisor of y and s.
22
Let b = -9 + 57. What is the greatest common factor of b and 6?
6
Let o(t) be the third derivative of 1/3*t**3 + 0*t - t**2 + 1/6*t**5 - 1/8*t**4 + 0. Let k be o(2). What is the highest common factor of 4 and k?
4
Let k = -224 - -416. Suppose 0 = 3*t + 3 + 6, q + 2*t = k. What is the highest common factor of 22 and q?
22
Suppose d - 2 = -0*d. Let g be (d/(-4))/((-2)/(-24)). Let v be (-2)/(g/129) + 2. What is the greatest common divisor of v and 15?
15
Suppose 2*u + 2*c = 0, -5*u + 0*u = -5*c. Suppose -264 = -4*x - u*x. What is the highest common divisor of 6 and x?
6
Suppose 76 = 4*u + 16. Suppose -2*j - 103 + 478 = d, -10 = 2*j. Suppose 3*a = -5*x + d, -2*x + 606 = 4*a + 74. What is the highest common factor of u and a?
15
Let s = 232 - 216. Let o = 41 - -87. What is the greatest common divisor of s and o?
16
Suppose 3*p = 4*k - p - 52, -2*k + 3*p + 25 = 0. Calculate the highest common divisor of k and 35.
7
Let k(b) = -b**2 - 7*b - 1. Let h be k(-7). Let a be (2/(-5))/(h/35). What is the greatest common divisor of 7 and a?
7
Let d(h) = 3*h + 3. Let j(n) be the first derivative of -n**2 - 11*n - 2. Let u be j(-8). Let q be d(u). Calculate the greatest common divisor of q and 9.
9
Let m be (0 - -2)/(8/4) + 2. Calculate the greatest common factor of m and 24.
3
Let l(m) = m**3 + 3*m**2 - 5*m. Let q be l(-4). Let w be (q/(-5))/((-14)/105). Calculate the highest common divisor of w and 6.
6
Suppose -4 + 2 = -u. Calculate the greatest common divisor of 16 and u.
2
Suppose 4*u = 3*u - o + 35, -2*o - 29 = -u. Calculate the greatest common factor of u and 22.
11
Let j(q) = q**3 - 4*q**2 + 1. Let b be j(2). Let a = b + 26. What is the greatest common divisor of a and 171?
19
Let y be (-4)/5*(-10)/4. Let x = -13 + 15. What is the highest common factor of y and x?
2
Let f(i) = i**2 - 16. Let t be f(5). Suppose 18 = a - 0. Calculate the greatest common divisor of t and a.
9
Suppose 0 = -i + 1 + 3. Suppose i*q - 31 + 11 = 0. Calculate the greatest common divisor of q and 35.
5
Let a be 0 + 4/2 + 8. Let o be (-4 - 6)/5 + -3 + 30. Calculate the greatest common factor of o and a.
5
Let c = 12 + -10. Let b be c/12 + 33/18. Suppose -5*j - q + 65 = 0, b*q - 13 = j - 2*j. What is the greatest common factor of j and 13?
13
Let b(h) = -h**3 - 9*h**2 - 12*h - 9. Let g be -11 - (-1 + 0)*3. Let u be b(g). Calculate the highest common factor of 184 and u.
23
Let n(i) = -i**3 + 7*i**2 - 6*i + 2. Let a be n(4). What is the highest common divisor of a and 156?
26
Let x = 20 - 1. Calculate the highest common factor of x and 19.
19
Suppose 5*h + v - 104 = 0, -4*v + 92 = 4*h - v. Let d be (-11)/(-2) + 1/(-2). Suppose 0 = d*g - 7 - 43. What is the greatest common factor of g and h?
10
Let q be 1*1*-2 - -262. Suppose 5*j - q = j. What is the highest common factor of j and 26?
13
Let o(v) = -5*v - 3. Let i be o(-2). Suppose 2*b - 22 = -3*n, -3*b + 5*n + i = 3*n. What is the highest common factor of 45 and b?
5
Let h(j) = j**3 + 14*j**2 + 4*j - 8. Let s be h(-6). Let l(c) = -c + 1. Let y be l(1). Suppose y*o - s = -2*o. Calculate the highest common factor of 16 and o.
16
Let t(w) = 5*w**2 - 1 + 2*w**2 - 2*w**2.